{"id":54,"date":"2020-11-26T22:32:25","date_gmt":"2020-11-26T21:32:25","guid":{"rendered":"http:\/\/entremotsetdessins.art\/?page_id=54"},"modified":"2020-12-08T14:48:40","modified_gmt":"2020-12-08T13:48:40","slug":"entre-mots-et-dessins-espanol","status":"publish","type":"page","link":"https:\/\/entremotsetdessins.art\/?page_id=54&lang=es","title":{"rendered":"Entre Palabras y Dibujos"},"content":{"rendered":"\n<p>Bienvenido al sitio dedicado al arte de Mabel. Descubra mis pinturas, cuentos y poemas&#8230;<\/p>\n\n\n\n<div class=\"wp-block-group alignwide\"><div class=\"wp-block-group__inner-container\">\n<div class=\"wp-block-columns alignwide\">\n<div class=\"wp-block-column\">\n<p class=\"has-text-align-center\">Galer\u00eda de pinturas y dibujos<\/p>\n\n\n\n<div class=\"wp-block-buttons aligncenter\">\n<div class=\"wp-block-button is-style-outline\"><a class=\"wp-block-button__link has-text-color\" href=\"http:\/\/entremotsetdessins.art\/dessins\" style=\"border-radius:50px;color:#ba0c49\" target=\"_blank\" rel=\"noreferrer noopener\">GALER\u00cdA<\/a><\/div>\n<\/div>\n<\/div>\n\n\n\n<div class=\"wp-block-column\">\n<p class=\"has-text-align-center\">Colecci\u00f3n de poemas: Algunos poemas est\u00e1n es Franc\u00e9s y en Castellano. El primero es la versi\u00f3n original el otro es una interpretaci\u00f3n. Cada poema tiene indicado su autor. <\/p>\n\n\n\n<div class=\"wp-block-buttons aligncenter\">\n<div class=\"wp-block-button is-style-outline\"><a class=\"wp-block-button__link has-text-color\" href=\"http:\/\/entremotsetdessins.art\/?page_id=103&amp;lang=es\" style=\"border-radius:50px;color:#ba0c49\">POEMAS<\/a><\/div>\n<\/div>\n<\/div>\n\n\n\n<div class=\"wp-block-column\">\n<p class=\"has-text-align-center\">Colecci\u00f3n de cuentos<\/p>\n\n\n\n<div class=\"wp-block-buttons aligncenter\">\n<div class=\"wp-block-button is-style-outline\"><a class=\"wp-block-button__link has-text-color\" href=\"http:\/\/entremotsetdessins.art\/?page_id=88&amp;lang=es\" style=\"border-radius:50px;color:#ba0c49\">CUENTOS<\/a><\/div>\n<\/div>\n<\/div>\n<\/div>\n<\/div><\/div>\n\n\n\n<p><\/p>\n","protected":false},"excerpt":{"rendered":"<p>Bienvenido al sitio dedicado al arte de Mabel. Descubra mis pinturas, cuentos y poemas&#8230;<\/p>\n","protected":false},"author":1,"featured_media":0,"parent":0,"menu_order":0,"comment_status":"closed","ping_status":"closed","template":"","meta":[],"_links":{"self":[{"href":"https:\/\/entremotsetdessins.art\/index.php?rest_route=\/wp\/v2\/pages\/54"}],"collection":[{"href":"https:\/\/entremotsetdessins.art\/index.php?rest_route=\/wp\/v2\/pages"}],"about":[{"href":"https:\/\/entremotsetdessins.art\/index.php?rest_route=\/wp\/v2\/types\/page"}],"author":[{"embeddable":true,"href":"https:\/\/entremotsetdessins.art\/index.php?rest_route=\/wp\/v2\/users\/1"}],"replies":[{"embeddable":true,"href":"https:\/\/entremotsetdessins.art\/index.php?rest_route=%2Fwp%2Fv2%2Fcomments&post=54"}],"version-history":[{"count":12,"href":"https:\/\/entremotsetdessins.art\/index.php?rest_route=\/wp\/v2\/pages\/54\/revisions"}],"predecessor-version":[{"id":184,"href":"https:\/\/entremotsetdessins.art\/index.php?rest_route=\/wp\/v2\/pages\/54\/revisions\/184"}],"wp:attachment":[{"href":"https:\/\/entremotsetdessins.art\/index.php?rest_route=%2Fwp%2Fv2%2Fmedia&parent=54"}],"curies":[{"name":"wp","href":"https:\/\/api.w.org\/{rel}","templated":true}]}}