{"id":286,"date":"2020-12-30T20:28:13","date_gmt":"2020-12-30T19:28:13","guid":{"rendered":"http:\/\/entremotsetdessins.art\/?page_id=286"},"modified":"2020-12-30T20:28:14","modified_gmt":"2020-12-30T19:28:14","slug":"romeo-le-prince-charmant","status":"publish","type":"page","link":"https:\/\/entremotsetdessins.art\/?page_id=286","title":{"rendered":"Romeo, le prince charmant"},"content":{"rendered":"\n<p>Romeo, le prince charmant, est rest\u00e9 immobile pendant presque une heure en regardant la belle Isabelle travailler sur sa vielle machine \u00e0 \u00e9crire, il fallait ne pas la d\u00e9ranger, il sait tr\u00e8s bien l\u2019importance d\u2019\u00eatre concentr\u00e9 sur une tache. Il est seulement parti une fois qu\u2019elle a r\u00e9alis\u00e9 qu\u2019il \u00e9tait l\u00e0, et lui a donn\u00e9, comme d\u2019habitude, un morceau de fromage.<\/p>\n\n\n\n<p>Il se demande encore comment Isabelle sait que le fromage est son repas pr\u00e9f\u00e9r\u00e9. Ce que Romeo ne sait pas est qu\u2019Isabelle l\u2019avait devin\u00e9 sur l\u2019\u00eele d\u2019en face de sa ville de naissance, o\u00f9 elle partait r\u00e9guli\u00e8rement \u00e0 la recherche d\u2019un refuge pour s\u2019\u00e9chapper du bruit. Dans son \u00eele ador\u00e9e elle a \u00e9crit ce qu\u2019il allait devenir, et ne soup\u00e7onnait pas encore, un livre de contes pour enfants \u00e9norm\u00e9ment c\u00e9l\u00e8bre. Mais surtout c\u2019est dans cette ile qu\u2019elle recevait la visite inconditionnelle de Giulli. Isabelle restait toujours fascin\u00e9e par son regard profond et fig\u00e9. Pas un clignement d\u2019\u0153il. Elle aimait la compagnie de Giulli. C\u2019est pour attirer son attention qu\u2019elle a demand\u00e9 au vieux Oliverio, la seule personne qui habitait l\u2019ile \u00e0 dix kilom\u00e8tres \u00e0 la ronde, ce que Guilli aimait bien manger.&nbsp; Oliverio est, vous l\u2019avez devin\u00e9 peut-\u00eatre, p\u00eacheur. Quoi d\u2019autre, \u00e0 part \u00e9crivain, pouvait-on bien \u00eatre dans ce coin oubli\u00e9 du monde. Oliverio \u00e9tait enchant\u00e9 de recevoir la visite d\u2019Isabelle et de l\u2019accueillir dans sa modeste cabane.&nbsp; Isabelle \u00e9tait tr\u00e8s attentionn\u00e9e avec lui et lui amenait toujours des v\u00eatements et un peu de nourriture. Mais le plus important, elle \u00e9tait l\u00e0, avec sa bonne humeur, ses longs silences accompagn\u00e9s par le clic clic presque sans interruption de sa machine \u00e0 \u00e9crire. Oliverio appr\u00e9ciait \u00e9norm\u00e9ment sa compagnie.&nbsp;&nbsp; Et oui, Giulli, \u00e0 la grande surprise d\u2019Isabelle adorait le fromage. &nbsp;Quand Isabelle a vu Romeo cach\u00e9 dans le jardin, l\u2019\u00e9piant discr\u00e8tement ce jour de pluie, elle a eu un flash dans sa t\u00eate, un retour au pass\u00e9, les souvenirs de son \u00eele, Oliverio et Giulli sont venus instantan\u00e9ment la visiter dans sa m\u00e9moire. Elle a pens\u00e9 qu\u2019elle devait pr\u00e9voir du fromage pour la prochaine fois. &nbsp;Elle \u00e9tait sure, et elle ne saura jamais pourquoi, peut-\u00eatre la ressemblance de leur regards intenses, que \u00e7a allait plaire \u00e0 Romeo.&nbsp;<\/p>\n\n\n\n<p>Romeo avait connu Isabelle tard un apr\u00e8s-midi quand il se promenait tranquille dans le jardin. Quand il l\u2019a vue il est tomb\u00e9 instantan\u00e9ment sous son charme. Quelle cr\u00e9ature magnifique, s\u2019est-il dit. Il se demandait ce qu\u2019elle pouvait bien faire, assise sur les marches des escaliers juste devant l\u2019entr\u00e9e principale de la maison, presque d\u00e9j\u00e0 toute tremp\u00e9e avec cette petite pluie qui tombait depuis quelques heures et qui finissait, avec un peu de patience, par tout mouiller. Elle pouvait \u00e9videmment se d\u00e9caler de quelques m\u00e8tres pour se mettre \u00e0 l\u2019abri, mais non, elle \u00e9tait l\u00e0. Et c\u2019est comme \u00e7a que le grand amour a commenc\u00e9. Il s\u2019est assis, un peu \u00e0 l\u2019\u00e9cart, pour ne pas la d\u00e9ranger. C\u2019\u00e9tait fou, il avait trouv\u00e9 un ange qui aimait la pluie comme lui.<\/p>\n\n\n\n<p>Comme Giulli, Romeo \u00e9tait toujours pr\u00e8s d\u2019elle pendant ses longues heures de r\u00eaveries et pens\u00e9es envol\u00e9es devant sa machine \u00e0 \u00e9crire muette. Elle savait qu\u2019elle devait la remplacer depuis pas mal de temps, mais elle s\u2019obstinait \u00e0 ne pas le faire malgr\u00e9 les quelques touches un peu rouill\u00e9es qu\u2019elle devait d\u00e9m\u00ealer trop souvent pour continuer \u00e0 \u00e9crire.&nbsp; Manies de vieille, de vieille un peu folle et r\u00eaveuse se disait-elle.<\/p>\n\n\n\n<p>Un soir Isabelle \u00e9tait un peu ailleurs, \u00e7a lui arrive souvent quand elle r\u00e9fl\u00e9chit \u00e0 des nouvelles id\u00e9es pour \u00e9crire. Elle cherchait Romeo dans la p\u00e9nombre, elle avait amen\u00e9 quelques morceaux de fromage. Mais il n\u2019est pas venu. D\u2019un coup elle a r\u00e9alis\u00e9 o\u00f9 il pourrait \u00eatre. Elle est partie au petit ruisseau qui coulait pr\u00e8s de la maison.&nbsp; Comme Romeo, elle aimait bien regarder la lune s\u2019y refl\u00e9ter, ondulante, sur les eaux du ruisseau caress\u00e9es par la brise d\u2019\u00e9t\u00e9. Elle a \u00e9cout\u00e9 les chants des grenouilles, Romeo devait \u00eatre surement par-l\u00e0, elle a m\u00eame reconnu son coassement. Elle s\u2019est souvenue aussi de Guilli, le grand iguane de son \u00eele de jeunesse. &nbsp;Elle est vite revenue \u00e0 la maison, elle s\u2019est mise \u00e0 taper sur sa vielle machine. Le conte va s\u2019appeler Romeo, le prince charmant.&nbsp;<\/p>\n","protected":false},"excerpt":{"rendered":"<p>Romeo, le prince charmant, est rest\u00e9 immobile pendant presque une heure en regardant la belle Isabelle travailler sur sa vielle machine \u00e0 \u00e9crire, il fallait ne pas la d\u00e9ranger, il sait tr\u00e8s bien l\u2019importance d\u2019\u00eatre concentr\u00e9 sur une tache. Il est seulement parti une fois qu\u2019elle a r\u00e9alis\u00e9 qu\u2019il \u00e9tait l\u00e0, et lui a donn\u00e9, [&hellip;]<\/p>\n","protected":false},"author":1,"featured_media":0,"parent":0,"menu_order":0,"comment_status":"closed","ping_status":"closed","template":"","meta":[],"_links":{"self":[{"href":"https:\/\/entremotsetdessins.art\/index.php?rest_route=\/wp\/v2\/pages\/286"}],"collection":[{"href":"https:\/\/entremotsetdessins.art\/index.php?rest_route=\/wp\/v2\/pages"}],"about":[{"href":"https:\/\/entremotsetdessins.art\/index.php?rest_route=\/wp\/v2\/types\/page"}],"author":[{"embeddable":true,"href":"https:\/\/entremotsetdessins.art\/index.php?rest_route=\/wp\/v2\/users\/1"}],"replies":[{"embeddable":true,"href":"https:\/\/entremotsetdessins.art\/index.php?rest_route=%2Fwp%2Fv2%2Fcomments&post=286"}],"version-history":[{"count":1,"href":"https:\/\/entremotsetdessins.art\/index.php?rest_route=\/wp\/v2\/pages\/286\/revisions"}],"predecessor-version":[{"id":287,"href":"https:\/\/entremotsetdessins.art\/index.php?rest_route=\/wp\/v2\/pages\/286\/revisions\/287"}],"wp:attachment":[{"href":"https:\/\/entremotsetdessins.art\/index.php?rest_route=%2Fwp%2Fv2%2Fmedia&parent=286"}],"curies":[{"name":"wp","href":"https:\/\/api.w.org\/{rel}","templated":true}]}}