{"id":198,"date":"2020-12-12T20:37:25","date_gmt":"2020-12-12T19:37:25","guid":{"rendered":"http:\/\/entremotsetdessins.art\/?page_id=198"},"modified":"2020-12-13T20:17:01","modified_gmt":"2020-12-13T19:17:01","slug":"le-sentier-du-demain","status":"publish","type":"page","link":"https:\/\/entremotsetdessins.art\/?page_id=198","title":{"rendered":"Le sentier du demain"},"content":{"rendered":"\n<pre class=\"wp-block-verse\"> De quoi demain sera-t-il fait&nbsp;\u2026\n On se demande sans cesse\n En tricotant sans r\u00e9aliser\n Notre pr\u00e9sent dans la d\u00e9tresse, \n En regrettant les erreurs d\u2019hier,\n Avec tristesse. \n &nbsp;\n De quoi demain sera-t-il fait&nbsp;?\n Je te le dis mon ami\n Le demain se dessine aujourd\u2019hui.\n &nbsp;\n Un peu de la sagesse du pass\u00e9\n Plus la ferveur et l\u2019envie,\n La passion, la volont\u00e9 \n Qui demain donneront leurs fruits. \n &nbsp;\n Tu penseras\u2026 facile \u00e0 dire\n Donne-moi ta main, \n Allons ensemble l\u2019\u00e9crire.  \n\nMabel<\/pre>\n\n\n\n<p id=\"block-97b5b50f-d708-4bbf-b656-1c620e3cf0ca\"><\/p>\n\n\n\n<p><strong><code>El camino del ma\u00f1ana<\/code><\/strong><\/p>\n\n\n\n<pre class=\"wp-block-verse\"> \u00bfC\u00f3mo ser\u00e1 ma\u00f1ana?\n Nos preguntamos sin cesar,\n Hilvanando temerosos el hilo del tiempo,\n Lamentando los errores de ayer,\n Con tristeza.\n \n \u00bfC\u00f3mo ser\u00e1 ma\u00f1ana?\n Te digo mi amigo,\n Ma\u00f1ana est\u00e1 surgiendo hoy.\n \n Un poco de la sabidur\u00eda del pasado\n Un poco de fervor, de sue\u00f1os,\n De pasi\u00f3n, de voluntad,\n \u00bfQue ma\u00f1ana dar\u00e1 fruto?\n \n Pensar\u00e1s ... f\u00e1cil es decirlo \n Dame tu mano,\n Vamos juntos a escribirlo. \n\nOsvaldo<\/pre>\n\n\n\n<div class=\"wp-block-group\"><div class=\"wp-block-group__inner-container\">\n<div class=\"wp-block-buttons\">\n<div class=\"wp-block-button\"><a class=\"wp-block-button__link\" href=\"http:\/\/entremotsetdessins.art\/?page_id=188\">PRECEDENT<\/a><\/div>\n\n\n\n<div class=\"wp-block-button\"><a class=\"wp-block-button__link\" href=\"http:\/\/entremotsetdessins.art\/?page_id=36\">Sommaire<\/a><\/div>\n\n\n\n<div class=\"wp-block-button\"><a class=\"wp-block-button__link\" href=\"http:\/\/entremotsetdessins.art\/?page_id=221\">SUIVANT&gt;<\/a><\/div>\n<\/div>\n<\/div><\/div>\n","protected":false},"excerpt":{"rendered":"<p>De quoi demain sera-t-il fait&nbsp;\u2026 On se demande sans cesse En tricotant sans r\u00e9aliser Notre pr\u00e9sent dans la d\u00e9tresse, En regrettant les erreurs d\u2019hier, Avec tristesse. &nbsp; De quoi demain sera-t-il fait&nbsp;? Je te le dis mon ami Le demain se dessine aujourd\u2019hui. &nbsp; Un peu de la sagesse du pass\u00e9 Plus la ferveur et [&hellip;]<\/p>\n","protected":false},"author":1,"featured_media":0,"parent":36,"menu_order":0,"comment_status":"closed","ping_status":"closed","template":"","meta":[],"_links":{"self":[{"href":"https:\/\/entremotsetdessins.art\/index.php?rest_route=\/wp\/v2\/pages\/198"}],"collection":[{"href":"https:\/\/entremotsetdessins.art\/index.php?rest_route=\/wp\/v2\/pages"}],"about":[{"href":"https:\/\/entremotsetdessins.art\/index.php?rest_route=\/wp\/v2\/types\/page"}],"author":[{"embeddable":true,"href":"https:\/\/entremotsetdessins.art\/index.php?rest_route=\/wp\/v2\/users\/1"}],"replies":[{"embeddable":true,"href":"https:\/\/entremotsetdessins.art\/index.php?rest_route=%2Fwp%2Fv2%2Fcomments&post=198"}],"version-history":[{"count":11,"href":"https:\/\/entremotsetdessins.art\/index.php?rest_route=\/wp\/v2\/pages\/198\/revisions"}],"predecessor-version":[{"id":244,"href":"https:\/\/entremotsetdessins.art\/index.php?rest_route=\/wp\/v2\/pages\/198\/revisions\/244"}],"up":[{"embeddable":true,"href":"https:\/\/entremotsetdessins.art\/index.php?rest_route=\/wp\/v2\/pages\/36"}],"wp:attachment":[{"href":"https:\/\/entremotsetdessins.art\/index.php?rest_route=%2Fwp%2Fv2%2Fmedia&parent=198"}],"curies":[{"name":"wp","href":"https:\/\/api.w.org\/{rel}","templated":true}]}}