{"id":151,"date":"2020-12-06T17:54:28","date_gmt":"2020-12-06T16:54:28","guid":{"rendered":"http:\/\/entremotsetdessins.art\/?page_id=151"},"modified":"2020-12-13T20:17:01","modified_gmt":"2020-12-13T19:17:01","slug":"les-etoiles-et-les-asteroides","status":"publish","type":"page","link":"https:\/\/entremotsetdessins.art\/?page_id=151","title":{"rendered":"Les \u00e9toiles et les ast\u00e9ro\u00efdes"},"content":{"rendered":"\n<p class=\"has-subtle-background-color has-text-color\" style=\"font-size:1px\">Lalali lalala <br>lilala et voil\u00e0<\/p>\n\n\n\n<pre class=\"wp-block-verse\">Il est grand temps de rallumer les \u00e9toiles\nEt les lampadaires sur les ast\u00e9ro\u00efdes.\nIl est grand temps de d\u00e9plier la voile\nEt de se laisser emporter par les soupirs\nDe mots tendres.\nIl est grand temps de rompre le silence\nEt de cr\u00e9er ton propre rythme.\nIl est grand temps de suivre l\u2019effervescence\nEt de changer les \u00e9nigmes.\nIl est grand temps de remonter le temps\nEt de se fondre dans le carnaval.&nbsp;\nIl est grand temps de pardonner\nCar le pardon arrive\nQuand les souvenirs ne font plus mal.\n\nMabel<\/pre>\n\n\n\n<div class=\"wp-block-buttons\"><\/div>\n\n\n\n<div class=\"wp-block-group\"><div class=\"wp-block-group__inner-container\">\n<div class=\"wp-block-buttons\">\n<div class=\"wp-block-button\"><a class=\"wp-block-button__link\" href=\"http:\/\/entremotsetdessins.art\/?page_id=143\">&lt; Pr\u00e9c\u00e9dent<\/a><\/div>\n\n\n\n<div class=\"wp-block-button\"><a class=\"wp-block-button__link\" href=\"http:\/\/entremotsetdessins.art\/?page_id=36\">Sommaire<\/a><\/div>\n\n\n\n<div class=\"wp-block-button\"><a class=\"wp-block-button__link\" href=\"http:\/\/entremotsetdessins.art\/?page_id=168\">SUIVANT&gt;<\/a><\/div>\n<\/div>\n\n\n\n<p><\/p>\n<\/div><\/div>\n\n\n\n<p><\/p>\n","protected":false},"excerpt":{"rendered":"<p>Lalali lalala lilala et voil\u00e0 Il est grand temps de rallumer les \u00e9toiles Et les lampadaires sur les ast\u00e9ro\u00efdes. Il est grand temps de d\u00e9plier la voile Et de se laisser emporter par les soupirs De mots tendres. Il est grand temps de rompre le silence Et de cr\u00e9er ton propre rythme. Il est grand [&hellip;]<\/p>\n","protected":false},"author":1,"featured_media":0,"parent":36,"menu_order":0,"comment_status":"closed","ping_status":"closed","template":"","meta":[],"_links":{"self":[{"href":"https:\/\/entremotsetdessins.art\/index.php?rest_route=\/wp\/v2\/pages\/151"}],"collection":[{"href":"https:\/\/entremotsetdessins.art\/index.php?rest_route=\/wp\/v2\/pages"}],"about":[{"href":"https:\/\/entremotsetdessins.art\/index.php?rest_route=\/wp\/v2\/types\/page"}],"author":[{"embeddable":true,"href":"https:\/\/entremotsetdessins.art\/index.php?rest_route=\/wp\/v2\/users\/1"}],"replies":[{"embeddable":true,"href":"https:\/\/entremotsetdessins.art\/index.php?rest_route=%2Fwp%2Fv2%2Fcomments&post=151"}],"version-history":[{"count":5,"href":"https:\/\/entremotsetdessins.art\/index.php?rest_route=\/wp\/v2\/pages\/151\/revisions"}],"predecessor-version":[{"id":183,"href":"https:\/\/entremotsetdessins.art\/index.php?rest_route=\/wp\/v2\/pages\/151\/revisions\/183"}],"up":[{"embeddable":true,"href":"https:\/\/entremotsetdessins.art\/index.php?rest_route=\/wp\/v2\/pages\/36"}],"wp:attachment":[{"href":"https:\/\/entremotsetdessins.art\/index.php?rest_route=%2Fwp%2Fv2%2Fmedia&parent=151"}],"curies":[{"name":"wp","href":"https:\/\/api.w.org\/{rel}","templated":true}]}}